vert -259 (base 10) to base 12.
-197
Convert -bc5 (base 13) to base 7.
-5614
Convert -552 (base 10) to base 15.
-26c
Convert -36506 (base 11) to base 8.
-146450
What is 2131 (base 5) in base 4?
10203
-1026 (base 10) to base 9
-1360
1ea (base 15) to base 6
2021
What is 920 (base 14) in base 15?
7e7
2224 (base 6) to base 9
637
Convert 10000001011 (base 2) to base 4.
100023
48c (base 15) to base 16
408
Convert -597 (base 10) to base 11.
-4a3
What is 1b28 (base 12) in base 5?
101334
What is -12100101 (base 3) in base 8?
-7472
Convert 76 (base 16) to base 6.
314
Convert -2033 (base 5) to base 2.
-100001100
-23301 (base 6) to base 7
-12523
-57410 (base 9) to base 2
-1001010101100001
-12575 (base 9) to base 15
-27b2
110110001010 (base 2) to base 15
1061
What is 1000101101 (base 2) in base 4?
20231
What is b7b (base 14) in base 10?
2265
-801 (base 15) to base 7
-5152
Convert 130 (base 4) to base 15.
1d
-1031 (base 11) to base 14
-6d7
-22260 (base 7) to base 16
-15fc
11b4 (base 13) to base 7
10220
Convert -999 (base 15) to base 12.
-1309
Convert -16677 (base 9) to base 4.
-2303203
5fc8 (base 16) to base 5
1241040
Convert 3432 (base 6) to base 9.
1102
Convert 4625 (base 9) to base 2.
110101100001
Convert 10025 (base 9) to base 11.
4a46
Convert 1446 (base 10) to base 9.
1876
-17424 (base 8) to base 7
-32124
2699 (base 10) to base 5
41244
-11250 (base 15) to base 4
-31103331
Convert 6307 (base 12) to base 2.
10101000110111
-1203300 (base 4) to base 5
-201014
5357 (base 8) to base 7
11106
Convert -1305 (base 6) to base 14.
-197
Convert 2044 (base 5) to base 12.
1aa
Convert -20651 (base 7) to base 12.
-2b78
What is 17c (base 14) in base 10?
306
-26b1 (base 14) to base 8
-15243
What is 200513 (base 7) in base 8?
102115
Convert -2386 (base 10) to base 14.
-c26
-26100 (base 8) to base 2
-10110001000000
Convert -11132 (base 4) to base 5.
-2400
What is 33443 (base 10) in base 7?
166334
-21001022 (base 4) to base 16
-904a
What is -111101 (base 3) in base 15?
-191
Convert -52720 (base 9) to base 3.
-1202210200
Convert -665 (base 8) to base 15.
-1e2
Convert -64 (base 11) to base 13.
-55
Convert 7c58 (base 13) to base 11.
12151
1563 (base 10) to base 6
11123
What is 32325 (base 8) in base 5?
413100
Convert 6090 (base 10) to base 5.
143330
0 (base 13) to base 6
0
1000001110001000 (base 2) to base 10
33672
-2158 (base 9) to base 12
-b08
110000000 (base 2) to base 3
112020
243214 (base 5) to base 13
4246
-42a3 (base 11) to base 15
-1a39
-1a17 (base 12) to base 13
-15b2
What is -461 (base 12) in base 2?
-1010001001
-2 (base 14) to base 9
-2
What is -11000110111 (base 2) in base 14?
-819
Convert -323103 (base 4) to base 12.
-2243
1461 (base 15) to base 9
5881
Convert 8bcb (base 15) to base 2.
111001111100010
Convert 50343 (base 6) to base 16.
19d7
Convert -5046 (base 10) to base 3.
-20220220
-377 (base 9) to base 7
-625
Convert -4334 (base 6) to base 9.
-1324
-270 (base 8) to base 13
-112
-23232330 (base 4) to base 11
-33121
What is 2054 (base 6) in base 15?
211
Convert -373 (base 9) to base 7.
-621
-1001101000100 (base 2) to base 14
-1b24
What is 96 (base 11) in base 12?
89
What is -952 (base 14) in base 12?
-1090
What is -213506 (base 7) in base 14?
-d83d
Convert 1bbe (base 15) to base 3.
22021022
Convert 2a26 (base 14) to base 13.
3537
-501 (base 9) to base 12
-29a
Convert -1211011 (base 4) to base 8.
-14505
Convert -2b8 (base 13) to base 16.
-1e9
What is -100001111110000 (base 2) in base 16?
-43f0
What is -16637 (base 12) in base 16?
-7d0b
-10248 (base 9) to base 16
-1a6f
6164 (base 8) to base 15
e28
Convert 9401 (base 13) to base 10.
20450
What is 33b (base 16) in base 3?
1010122
What is 321 (base 5) in base 13?
68
Convert -61b5 (base 12) to base 15.
-324e
Convert -645 (base 7) to base 11.
-278
Convert -10ace (base 16) to base 6.
-1244114
1201120 (base 3) to base 2
10011101001
5800 (base 9) to base 6
31513
-31115 (base 6) to base 8
-10067
420 (base 12) to base 7
1515
Convert -45 (base 9) to base 7.
-56
-401433 (base 6) to base 10
-31485
What is 10011 (base 4) in base 6?
1113
1275 (base 8) to base 7
2021
Convert 375 (base 11) to base 5.
3240
Convert -1323 (base 6) to base 16.
-153
What is -14228 (base 15) in base 13?
-23543
What is 7111 (base 15) in base 13?
ab2b
What is 52 (base 6) in base 3?
1012
What is 3d9 (base 16) in base 13?
5aa
Convert 101111110100 (base 2) to base 9.
4170
Convert -211 (base 15) to base 14.
-254
32231 (base 6) to base 5
120121
What is 30280 (base 9) in base 3?
1000022200
-55b (base 13) to base 6
-4133
Convert -d4 (base 16) to base 2.
-11010100
Convert 3332 (base 4) to base 6.
1102
12211200 (base 3) to base 8
10241
-579a (base 12) to base 14
-37b8
Convert -561 (base 9) to base 10.
-460
1305 (base 8) to base 11
595
-616 (base 7) to base 5
-2212
What is 2c5 (base 16) in base 14?
389
Convert -1142 (base 7) to base 10.
-422
-100101110011000 (base 2) to base 16
-4b98
Convert 24326 (base 9) to base 10.
16305
-4040 (base 5) to base 10
-520
What is -1561 (base 10) in base 6?
-11121
Convert -110011101001101 (base 2) to base 14.
-98cd
Convert -7941 (base 10) to base 9.
-11803
What is 121020002 (base 3) in base 13?
54cb
Convert -254143 (base 6) to base 16.
-59af
-352c (base 16) to base 4
-3110230
13044 (base 5) to base 4
100000
-1141 (base 7) to base 10
-421
What is 102a (base 15) in base 16?
d57
What is -16274 (base 9) in base 11?
-842a
323 (base 14) to base 10
619
What is -a9d (base 14) in base 15?
-94e
-273b (base 13) to base 4
-1113323
What is -18 (base 9) in base 13?
-14
Convert -135e (base 16) to base 6.
-34542
What is -13010 (base 4) in base 9?
-552
What is -111723 (base 9) in base 6?
-1233503
-11003020 (base 4) to base 9
-31327
28541 (base 9) to base 2
100101111000100
What is -1535 (base 6) in base 10?
-419
-621 (base 14) to base 13
-719
Convert 1421 (base 11) to base 8.
3456
Convert 43 (base 14) to base 10.
59
What is -586b (base 15) in base 4?
-10211120
What is -31131 (base 4) in base 15?
-3c6
What is -210000211 (base 3) in base 5?
-442311
Convert 1053 (base 6) to base 11.
207
1167 (base 14) to base 9
4137
What is -1010100000 (base 2) in base 11?
-561
What is -41c (base 14) in base 15?
-390
What is -1000010100 (base 2) in base 15?
-257
10033 (base 6) to base 15
5cc
-23672 (base 9) to base 11
-10a09
Convert -2012102 (base 3) to base 6.
-11232
Convert -11210 (base 5) to base 6.
-3421
Convert -20526 (base 7) to base 10.
-5067
Convert 1314051 (base 6) to base 15.
165ba
What is -5044 (base 12) in base 7?
-34225
Convert -22331 (base 4) to base 13.
-41c
22334 (base 6) to base 11
2408
What is 2d1 (base 14) in base 3?
210022
-751 (base 13) to base 2
-10011100001
Convert -365 (base 10) to base 5.
-2430
Convert 21423 (base 9) to base 15.
4316
What is 15216 (base 10) in base 9?
22776
What is -1b38 (base 14) in base 11?
-37a0
Convert 1634 (base 7) to base 4.
22112
2328 (base 11) to base 16
bef
2001 (base 4) to base 14
93
-a8 (base 16) to base 6
-440
-3371 (base 8) to base 5
-24120
229 (base 13) to base 16
175
377 (base 15) to base 13
487
324 (base 6) to base 7
235
What is 3626 (base 16) in base 3?
201000102
Convert 467 (base 11) to base 8.
1055
Convert -21221101 (base 3) to base 16.
-169c
Convert 122302 (base 4) to base 8.
3262
-1101221 (base 3) to base 2
-10000000000
What is -343031 (base 5) in base 14?
-4682
Convert -2405 (base 6) to base 15.
-28b
Convert -1001110111011 (base 2) to base 8.
-11673
Convert 5506 (base 10) to base 11.
4156
Convert -3896 (base 14) to base 8.
-23314
-3436 (base 8) to base 3
-2111111
Convert -151 (base 15) to base 7.
-610
Convert 923 (base 15) to base 3.
2211020
What is 102 (base 9) in base 11?
76
What is 1114 (base 8) in base 16?
24c
Convert 1be7 (base 16) to base 7.
26553
What is 958 (base 10) in base 12?
67a
-378 (base 10) to base 6
-1430
128 (base 14) to base 12
174
Convert 1020001 (base 3) to base 2.
1101111100
Convert -11000100010110 (base 2) to base 9.
-18212
Convert -2134112 (base 5) to base 3.
-1212110022
2121 (base 4) to base 5
1103
Convert -109 (base 12) to base 6.
-413
What is -375 (base 14) in base 12?
-497
-4615 (base 7) to base 12
-b7a
Convert -6970 (base 13) to base 16.
-39ca
Convert -1140 (base 13) to base 9.
-3276
What is 2b6 (base 16) in base 6?
3114
2350 (base 7) to base 6
4004
-1ca (base 15) to base 11
